{"id":3100,"date":"2023-01-27T12:28:34","date_gmt":"2023-01-27T11:28:34","guid":{"rendered":"https:\/\/www.subdeco.com\/bati\/?page_id=3100"},"modified":"2026-02-12T09:27:04","modified_gmt":"2026-02-12T08:27:04","slug":"charge-detudes-projet-subdeco-bati","status":"publish","type":"page","link":"https:\/\/www.subdeco.com\/bati\/nous-rejoindre\/charge-detudes-projet-subdeco-bati\/","title":{"rendered":"Chiffreur \/ Charg\u00e9 d&#8217;\u00e9tudes H\/F"},"content":{"rendered":"[vc_row type=&#8221;in_container&#8221; full_screen_row_position=&#8221;middle&#8221; column_margin=&#8221;default&#8221; column_direction=&#8221;default&#8221; column_direction_tablet=&#8221;default&#8221; column_direction_phone=&#8221;default&#8221; scene_position=&#8221;center&#8221; text_color=&#8221;dark&#8221; text_align=&#8221;left&#8221; row_border_radius=&#8221;none&#8221; row_border_radius_applies=&#8221;bg&#8221; overlay_strength=&#8221;0.3&#8243; gradient_direction=&#8221;left_to_right&#8221; shape_divider_position=&#8221;bottom&#8221; bg_image_animation=&#8221;none&#8221;][vc_column column_padding=&#8221;no-extra-padding&#8221; column_padding_tablet=&#8221;inherit&#8221; column_padding_phone=&#8221;inherit&#8221; column_padding_position=&#8221;all&#8221; background_color_opacity=&#8221;1&#8243; background_hover_color_opacity=&#8221;1&#8243; column_shadow=&#8221;none&#8221; column_border_radius=&#8221;none&#8221; column_link_target=&#8221;_self&#8221; gradient_direction=&#8221;left_to_right&#8221; overlay_strength=&#8221;0.3&#8243; width=&#8221;1\/1&#8243; tablet_width_inherit=&#8221;default&#8221; tablet_text_alignment=&#8221;default&#8221; phone_text_alignment=&#8221;default&#8221; column_border_width=&#8221;none&#8221; column_border_style=&#8221;solid&#8221; bg_image_animation=&#8221;none&#8221;][divider line_type=&#8221;No Line&#8221; custom_height=&#8221;10&#8243;][vc_column_text]\n<h1>Chiffreur \/ Charg\u00e9 d&#8217;\u00e9tudes H\/F<\/h1>\n[\/vc_column_text][vc_column_text]\n<h3>Vous avez envie de rejoindre une PME en plein d\u00e9veloppement ?<\/h3>\n<p>Nous agrandissons aujourd\u2019hui l\u2019\u00e9quipe<strong> B\u00e2ti<\/strong> et recherchons un nouveau : <em><strong>Charg\u00e9 d\u2019Etudes<\/strong><\/em>.<\/p>\n<p>&nbsp;<\/p>\n<h3><strong>Rattach\u00e9 au G\u00e9rant de l\u2019entreprise, vous serez principalement charg\u00e9 de :<\/strong><\/h3>\n<ul>\n<li>R\u00e9aliser les devis pour nos clients en lien avec le commercial, en recherchant les meilleurs prix et solutions techniques, dans le respect des objectifs de co\u00fbt, d\u00e9lai et qualit\u00e9 de l\u2019entreprise.<\/li>\n<li>Conseiller les clients sur les produits et les solutions techniques<\/li>\n<li>R\u00e9aliser les dossiers administratifs et techniques, en contact avec la comptabilit\u00e9<\/li>\n<li>R\u00e9aliser les achats n\u00e9cessaires au projet aupr\u00e8s des fournisseurs r\u00e9f\u00e9renc\u00e9s<\/li>\n<li>Transmettre les informations au conducteur de travaux pour la r\u00e9alisation du projet<\/li>\n<\/ul>\n<p>Vous serez bas\u00e9 dans notre si\u00e8ge social, situ\u00e9 \u00e0 <strong>Seclin<\/strong> \u00e0 20 minutes de Lille, au sein de notre <strong>\u00e9quipe de 15 personnes. <\/strong><\/p>\n<p><em><strong>Vos savoir-\u00eatre\u00a0?<\/strong><\/em> Vous vous reconnaissez dans nos valeurs\u00a0:\u00a0Esprit d\u2019\u00e9quipe, Implication, Professionnalisme, Qualit\u00e9 du travail et Cr\u00e9ativit\u00e9. Au quotidien dans votre travail vous faites preuve d\u2019organisation, rigueur, autonomie et esprit d\u2019initiative.<\/p>\n<p><em><strong>Vos comp\u00e9tences\u00a0?<\/strong><\/em> Vous \u00eates titulaire d\u2019un <strong>Bac+2 Technique <\/strong>au minimum,<strong> et avez une exp\u00e9rience de 5 ans environ dans un poste similaire.<\/strong> La connaissance des produits de protection solaire et d\u2019occultation serait un plus.<\/p>\n<p>R\u00e9mun\u00e9ration\u00a0: salaire annuel brut 28 \u00e0 30 K\u20ac + prime variable 1 mois[\/vc_column_text][divider line_type=&#8221;No Line&#8221; custom_height=&#8221;10&#8243;][divider line_type=&#8221;Full Width Line&#8221; line_thickness=&#8221;1&#8243; divider_color=&#8221;extra-color-1&#8243;][divider line_type=&#8221;No Line&#8221; custom_height=&#8221;20&#8243;][vc_column_text]\n<h2>Je postule<\/h2>\n[\/vc_column_text][vc_column_text]<p class=\"wpcf7-contact-form-not-found\"><strong>Erreur\u00a0:<\/strong> Formulaire de contact non trouv\u00e9\u00a0!<\/p>[\/vc_column_text][divider line_type=&#8221;No Line&#8221; custom_height=&#8221;20&#8243;][\/vc_column][\/vc_row]\n","protected":false},"excerpt":{"rendered":"<p>[vc_row type=&#8221;in_container&#8221; full_screen_row_position=&#8221;middle&#8221; column_margin=&#8221;default&#8221; column_direction=&#8221;default&#8221; column_direction_tablet=&#8221;default&#8221; column_direction_phone=&#8221;default&#8221; scene_position=&#8221;center&#8221; text_color=&#8221;dark&#8221; text_align=&#8221;left&#8221; row_border_radius=&#8221;none&#8221; row_border_radius_applies=&#8221;bg&#8221; overlay_strength=&#8221;0.3&#8243; gradient_direction=&#8221;left_to_right&#8221; shape_divider_position=&#8221;bottom&#8221; bg_image_animation=&#8221;none&#8221;][vc_column column_padding=&#8221;no-extra-padding&#8221; column_padding_tablet=&#8221;inherit&#8221; column_padding_phone=&#8221;inherit&#8221; column_padding_position=&#8221;all&#8221; background_color_opacity=&#8221;1&#8243; background_hover_color_opacity=&#8221;1&#8243; column_shadow=&#8221;none&#8221; column_border_radius=&#8221;none&#8221; column_link_target=&#8221;_self&#8221; gradient_direction=&#8221;left_to_right&#8221; overlay_strength=&#8221;0.3&#8243; width=&#8221;1\/1&#8243; tablet_width_inherit=&#8221;default&#8221; tablet_text_alignment=&#8221;default&#8221;&#8230;<\/p>\n","protected":false},"author":428,"featured_media":0,"parent":3083,"menu_order":0,"comment_status":"closed","ping_status":"closed","template":"","meta":{"footnotes":""},"class_list":["post-3100","page","type-page","status-publish"],"yoast_head":"<!-- This site is optimized with the Yoast SEO plugin v26.9 - https:\/\/yoast.com\/product\/yoast-seo-wordpress\/ -->\n<title>Nous recherchons un Chiffreur \/ Charg\u00e9 d&#039;\u00e9tudes H\/F | Subd\u00e9co - B\u00e2ti<\/title>\n<meta name=\"description\" content=\"Vous avez envie de rejoindre une PME en plein d\u00e9veloppement ? Nous recherchons un nouveau : Charg\u00e9 d\u2019Etudes.\" \/>\n<meta name=\"robots\" content=\"index, follow, max-snippet:-1, max-image-preview:large, max-video-preview:-1\" \/>\n<link rel=\"canonical\" href=\"https:\/\/www.subdeco.com\/bati\/nous-rejoindre\/charge-detudes-projet-subdeco-bati\/\" \/>\n<meta property=\"og:locale\" content=\"fr_FR\" \/>\n<meta property=\"og:type\" content=\"article\" \/>\n<meta property=\"og:title\" content=\"Nous recherchons un Chiffreur \/ Charg\u00e9 d&#039;\u00e9tudes H\/F | Subd\u00e9co - B\u00e2ti\" \/>\n<meta property=\"og:description\" content=\"Vous avez envie de rejoindre une PME en plein d\u00e9veloppement ? Nous recherchons un nouveau : Charg\u00e9 d\u2019Etudes.\" \/>\n<meta property=\"og:url\" content=\"https:\/\/www.subdeco.com\/bati\/nous-rejoindre\/charge-detudes-projet-subdeco-bati\/\" \/>\n<meta property=\"og:site_name\" content=\"Subd\u00e9co - B\u00e2ti\" \/>\n<meta property=\"article:modified_time\" content=\"2026-02-12T08:27:04+00:00\" \/>\n<meta property=\"og:image\" content=\"https:\/\/www.subdeco.com\/bati\/wp-content\/uploads\/sites\/2\/2021\/02\/shutterstock_236721541-comp.jpg\" \/>\n\t<meta property=\"og:image:width\" content=\"1500\" \/>\n\t<meta property=\"og:image:height\" content=\"1000\" \/>\n\t<meta property=\"og:image:type\" content=\"image\/jpeg\" \/>\n<meta name=\"twitter:card\" content=\"summary_large_image\" \/>\n<meta name=\"twitter:label1\" content=\"Dur\u00e9e de lecture estim\u00e9e\" \/>\n\t<meta name=\"twitter:data1\" content=\"2 minutes\" \/>\n<script type=\"application\/ld+json\" class=\"yoast-schema-graph\">{\"@context\":\"https:\/\/schema.org\",\"@graph\":[{\"@type\":\"WebPage\",\"@id\":\"https:\/\/www.subdeco.com\/bati\/nous-rejoindre\/charge-detudes-projet-subdeco-bati\/\",\"url\":\"https:\/\/www.subdeco.com\/bati\/nous-rejoindre\/charge-detudes-projet-subdeco-bati\/\",\"name\":\"Nous recherchons un Chiffreur \/ Charg\u00e9 d'\u00e9tudes H\/F | Subd\u00e9co - B\u00e2ti\",\"isPartOf\":{\"@id\":\"https:\/\/www.subdeco.com\/bati\/#website\"},\"datePublished\":\"2023-01-27T11:28:34+00:00\",\"dateModified\":\"2026-02-12T08:27:04+00:00\",\"description\":\"Vous avez envie de rejoindre une PME en plein d\u00e9veloppement ? Nous recherchons un nouveau : Charg\u00e9 d\u2019Etudes.\",\"breadcrumb\":{\"@id\":\"https:\/\/www.subdeco.com\/bati\/nous-rejoindre\/charge-detudes-projet-subdeco-bati\/#breadcrumb\"},\"inLanguage\":\"fr-FR\",\"potentialAction\":[{\"@type\":\"ReadAction\",\"target\":[\"https:\/\/www.subdeco.com\/bati\/nous-rejoindre\/charge-detudes-projet-subdeco-bati\/\"]}]},{\"@type\":\"BreadcrumbList\",\"@id\":\"https:\/\/www.subdeco.com\/bati\/nous-rejoindre\/charge-detudes-projet-subdeco-bati\/#breadcrumb\",\"itemListElement\":[{\"@type\":\"ListItem\",\"position\":1,\"name\":\"Accueil\",\"item\":\"https:\/\/www.subdeco.com\/bati\/\"},{\"@type\":\"ListItem\",\"position\":2,\"name\":\"Nous rejoindre\",\"item\":\"https:\/\/www.subdeco.com\/bati\/nous-rejoindre\/\"},{\"@type\":\"ListItem\",\"position\":3,\"name\":\"Chiffreur \/ Charg\u00e9 d&#8217;\u00e9tudes H\/F\"}]},{\"@type\":\"WebSite\",\"@id\":\"https:\/\/www.subdeco.com\/bati\/#website\",\"url\":\"https:\/\/www.subdeco.com\/bati\/\",\"name\":\"SubD\u00e9co\",\"description\":\"Conception sur-mesure de solution textile et protection solaire\",\"publisher\":{\"@id\":\"https:\/\/www.subdeco.com\/bati\/#organization\"},\"alternateName\":\"SubD\u00e9co - B\u00e2ti\",\"potentialAction\":[{\"@type\":\"SearchAction\",\"target\":{\"@type\":\"EntryPoint\",\"urlTemplate\":\"https:\/\/www.subdeco.com\/bati\/?s={search_term_string}\"},\"query-input\":{\"@type\":\"PropertyValueSpecification\",\"valueRequired\":true,\"valueName\":\"search_term_string\"}}],\"inLanguage\":\"fr-FR\"},{\"@type\":\"Organization\",\"@id\":\"https:\/\/www.subdeco.com\/bati\/#organization\",\"name\":\"SubD\u00e9co\",\"alternateName\":\"SubD\u00e9co - B\u00e2ti\",\"url\":\"https:\/\/www.subdeco.com\/bati\/\",\"logo\":{\"@type\":\"ImageObject\",\"inLanguage\":\"fr-FR\",\"@id\":\"https:\/\/www.subdeco.com\/bati\/#\/schema\/logo\/image\/\",\"url\":\"https:\/\/www.subdeco.com\/bati\/wp-content\/uploads\/sites\/2\/2021\/02\/shutterstock_236721541-comp.jpg\",\"contentUrl\":\"https:\/\/www.subdeco.com\/bati\/wp-content\/uploads\/sites\/2\/2021\/02\/shutterstock_236721541-comp.jpg\",\"width\":1500,\"height\":1000,\"caption\":\"SubD\u00e9co\"},\"image\":{\"@id\":\"https:\/\/www.subdeco.com\/bati\/#\/schema\/logo\/image\/\"},\"sameAs\":[\"https:\/\/www.linkedin.com\/company\/subdeco\"]}]}<\/script>\n<!-- \/ Yoast SEO plugin. -->","yoast_head_json":{"title":"Nous recherchons un Chiffreur \/ Charg\u00e9 d'\u00e9tudes H\/F | Subd\u00e9co - B\u00e2ti","description":"Vous avez envie de rejoindre une PME en plein d\u00e9veloppement ? Nous recherchons un nouveau : Charg\u00e9 d\u2019Etudes.","robots":{"index":"index","follow":"follow","max-snippet":"max-snippet:-1","max-image-preview":"max-image-preview:large","max-video-preview":"max-video-preview:-1"},"canonical":"https:\/\/www.subdeco.com\/bati\/nous-rejoindre\/charge-detudes-projet-subdeco-bati\/","og_locale":"fr_FR","og_type":"article","og_title":"Nous recherchons un Chiffreur \/ Charg\u00e9 d'\u00e9tudes H\/F | Subd\u00e9co - B\u00e2ti","og_description":"Vous avez envie de rejoindre une PME en plein d\u00e9veloppement ? Nous recherchons un nouveau : Charg\u00e9 d\u2019Etudes.","og_url":"https:\/\/www.subdeco.com\/bati\/nous-rejoindre\/charge-detudes-projet-subdeco-bati\/","og_site_name":"Subd\u00e9co - B\u00e2ti","article_modified_time":"2026-02-12T08:27:04+00:00","og_image":[{"width":1500,"height":1000,"url":"https:\/\/www.subdeco.com\/bati\/wp-content\/uploads\/sites\/2\/2021\/02\/shutterstock_236721541-comp.jpg","type":"image\/jpeg"}],"twitter_card":"summary_large_image","twitter_misc":{"Dur\u00e9e de lecture estim\u00e9e":"2 minutes"},"schema":{"@context":"https:\/\/schema.org","@graph":[{"@type":"WebPage","@id":"https:\/\/www.subdeco.com\/bati\/nous-rejoindre\/charge-detudes-projet-subdeco-bati\/","url":"https:\/\/www.subdeco.com\/bati\/nous-rejoindre\/charge-detudes-projet-subdeco-bati\/","name":"Nous recherchons un Chiffreur \/ Charg\u00e9 d'\u00e9tudes H\/F | Subd\u00e9co - B\u00e2ti","isPartOf":{"@id":"https:\/\/www.subdeco.com\/bati\/#website"},"datePublished":"2023-01-27T11:28:34+00:00","dateModified":"2026-02-12T08:27:04+00:00","description":"Vous avez envie de rejoindre une PME en plein d\u00e9veloppement ? Nous recherchons un nouveau : Charg\u00e9 d\u2019Etudes.","breadcrumb":{"@id":"https:\/\/www.subdeco.com\/bati\/nous-rejoindre\/charge-detudes-projet-subdeco-bati\/#breadcrumb"},"inLanguage":"fr-FR","potentialAction":[{"@type":"ReadAction","target":["https:\/\/www.subdeco.com\/bati\/nous-rejoindre\/charge-detudes-projet-subdeco-bati\/"]}]},{"@type":"BreadcrumbList","@id":"https:\/\/www.subdeco.com\/bati\/nous-rejoindre\/charge-detudes-projet-subdeco-bati\/#breadcrumb","itemListElement":[{"@type":"ListItem","position":1,"name":"Accueil","item":"https:\/\/www.subdeco.com\/bati\/"},{"@type":"ListItem","position":2,"name":"Nous rejoindre","item":"https:\/\/www.subdeco.com\/bati\/nous-rejoindre\/"},{"@type":"ListItem","position":3,"name":"Chiffreur \/ Charg\u00e9 d&#8217;\u00e9tudes H\/F"}]},{"@type":"WebSite","@id":"https:\/\/www.subdeco.com\/bati\/#website","url":"https:\/\/www.subdeco.com\/bati\/","name":"SubD\u00e9co","description":"Conception sur-mesure de solution textile et protection solaire","publisher":{"@id":"https:\/\/www.subdeco.com\/bati\/#organization"},"alternateName":"SubD\u00e9co - B\u00e2ti","potentialAction":[{"@type":"SearchAction","target":{"@type":"EntryPoint","urlTemplate":"https:\/\/www.subdeco.com\/bati\/?s={search_term_string}"},"query-input":{"@type":"PropertyValueSpecification","valueRequired":true,"valueName":"search_term_string"}}],"inLanguage":"fr-FR"},{"@type":"Organization","@id":"https:\/\/www.subdeco.com\/bati\/#organization","name":"SubD\u00e9co","alternateName":"SubD\u00e9co - B\u00e2ti","url":"https:\/\/www.subdeco.com\/bati\/","logo":{"@type":"ImageObject","inLanguage":"fr-FR","@id":"https:\/\/www.subdeco.com\/bati\/#\/schema\/logo\/image\/","url":"https:\/\/www.subdeco.com\/bati\/wp-content\/uploads\/sites\/2\/2021\/02\/shutterstock_236721541-comp.jpg","contentUrl":"https:\/\/www.subdeco.com\/bati\/wp-content\/uploads\/sites\/2\/2021\/02\/shutterstock_236721541-comp.jpg","width":1500,"height":1000,"caption":"SubD\u00e9co"},"image":{"@id":"https:\/\/www.subdeco.com\/bati\/#\/schema\/logo\/image\/"},"sameAs":["https:\/\/www.linkedin.com\/company\/subdeco"]}]}},"_links":{"self":[{"href":"https:\/\/www.subdeco.com\/bati\/wp-json\/wp\/v2\/pages\/3100","targetHints":{"allow":["GET"]}}],"collection":[{"href":"https:\/\/www.subdeco.com\/bati\/wp-json\/wp\/v2\/pages"}],"about":[{"href":"https:\/\/www.subdeco.com\/bati\/wp-json\/wp\/v2\/types\/page"}],"author":[{"embeddable":true,"href":"https:\/\/www.subdeco.com\/bati\/wp-json\/wp\/v2\/users\/428"}],"replies":[{"embeddable":true,"href":"https:\/\/www.subdeco.com\/bati\/wp-json\/wp\/v2\/comments?post=3100"}],"version-history":[{"count":14,"href":"https:\/\/www.subdeco.com\/bati\/wp-json\/wp\/v2\/pages\/3100\/revisions"}],"predecessor-version":[{"id":3536,"href":"https:\/\/www.subdeco.com\/bati\/wp-json\/wp\/v2\/pages\/3100\/revisions\/3536"}],"up":[{"embeddable":true,"href":"https:\/\/www.subdeco.com\/bati\/wp-json\/wp\/v2\/pages\/3083"}],"wp:attachment":[{"href":"https:\/\/www.subdeco.com\/bati\/wp-json\/wp\/v2\/media?parent=3100"}],"curies":[{"name":"wp","href":"https:\/\/api.w.org\/{rel}","templated":true}]}}