{"id":1213,"date":"2020-12-27T13:39:03","date_gmt":"2020-12-27T12:39:03","guid":{"rendered":"https:\/\/subdeco.com\/login\/"},"modified":"2025-07-23T09:28:05","modified_gmt":"2025-07-23T07:28:05","slug":"login","status":"publish","type":"page","link":"https:\/\/www.subdeco.com\/deco\/login\/","title":{"rendered":"Connexion"},"content":{"rendered":"<h2>Connectez-vous \u00e0 votre compte Subd\u00e9co<\/h2>\n<p>Connectez-vous \u00e0 votre compte pro et acc\u00e9dez librement au t\u00e9l\u00e9chargement des tarifs et bons de commande Subd\u00e9co ainsi qu&#8217;\u00e0 l&#8217;ensemble des ressources mises \u00e0 votre disposition.<\/p>\n\r\n<div class=\"um um-login um-1209\">\r\n\r\n\t<div class=\"um-form\">\r\n\r\n\t\t<form method=\"post\" action=\"\" autocomplete=\"off\">\r\n\r\n\t\t\t<div class=\"um-row _um_row_1 \" style=\"margin: 0 0 30px 0;\"><div class=\"um-col-1\"><div  id=\"um_field_1209_username\" class=\"um-field um-field-text  um-field-username um-field-text um-field-type_text\" data-key=\"username\"><div class=\"um-field-label\"><label for=\"username-1209\">Identifiant ou adresse e-mail<\/label><div class=\"um-clear\"><\/div><\/div><div class=\"um-field-area\"><input  autocomplete=\"off\" class=\"um-form-field valid \" type=\"text\" name=\"username-1209\" id=\"username-1209\" value=\"\" placeholder=\"\" data-validate=\"unique_username_or_email\" data-key=\"username\" \/>\n\n\t\t\t\t\t\t<\/div><\/div><div  id=\"um_field_1209_user_password\" class=\"um-field um-field-password  um-field-user_password um-field-password um-field-type_password\" data-key=\"user_password\"><div class=\"um-field-label\"><label for=\"user_password-1209\">Mot de passe<\/label><div class=\"um-clear\"><\/div><\/div><div class=\"um-field-area\"><input class=\"um-form-field valid \" type=\"password\" name=\"user_password-1209\" id=\"user_password-1209\" value=\"\" placeholder=\"\" data-validate=\"\" data-key=\"user_password\" \/>\n\n\t\t\t\t\t\t<\/div><\/div>    <div id='um-field-show-passwords' style='text-align:right;display:block;margin-bottom:-30px;'>\n    \t<i class='um-faicon-eye-slash'><\/i>\n    \t<a href='#'>Afficher le mot de passe<\/a>\n    <\/div>\n    <script type='text\/javascript'>\n\t    jQuery('#um-field-show-passwords a').click(function(){ \n\t\t    \n\t\t    jQuery(this).parent(\"div\").find(\"i\").toggleClass(function() {\n\t\t    \tif ( jQuery( this ).hasClass( \"um-faicon-eye-slash\" ) ) {\n\t                jQuery( this ).parent(\"div\").find(\"a\").text('Masquer le mot de passe');\n\t\t    \t\tjQuery( this ).removeClass( \"um-faicon-eye-slash\" )\n\t\t    \t\tjQuery(\".um-form\").find(\".um-field-password\").find(\"input[type=password]\").attr(\"type\",\"text\");\n\t\t    \t   return \"um-faicon-eye\";\n\t\t\t    }\n\t\t\t\t \n\t\t\t\tjQuery( this ).removeClass( \"um-faicon-eye\" );\n\t\t\t\tjQuery( this ).parent(\"div\").find(\"a\").text('Afficher le mot de passe');\n\t\t\t    jQuery(\".um-form\").find(\".um-field-password\").find(\"input[type=text]\").attr(\"type\",\"password\");\n\t\t\t  \n                return \"um-faicon-eye-slash\";\n\t\t\t});\n\n\t\t    return false; \n\n\t\t});\n\t<\/script>\n    <\/div><\/div>\t\t<input type=\"hidden\" name=\"form_id\" id=\"form_id_1209\" value=\"1209\" \/>\n\t\n\t<p class=\"um_request_name\">\n\t\t<label for=\"um_request_1209\">Only fill in if you are not human<\/label>\n\t\t<input type=\"hidden\" name=\"um_request\" id=\"um_request_1209\" class=\"input\" value=\"\" size=\"25\" autocomplete=\"off\" \/>\n\t<\/p>\n\n\t<input type=\"hidden\" id=\"_wpnonce\" name=\"_wpnonce\" value=\"686865970c\" \/><input type=\"hidden\" name=\"_wp_http_referer\" value=\"\/deco\/wp-json\/wp\/v2\/pages\/1213\" \/>\n\t<div class=\"um-col-alt\">\n\n\t\t\n\n\t\t\t<div class=\"um-field um-field-c\">\n\t\t\t\t<div class=\"um-field-area\">\n\t\t\t\t\t<label class=\"um-field-checkbox \">\n\t\t\t\t\t\t<input type=\"checkbox\" name=\"rememberme\" value=\"1\"  \/>\n\t\t\t\t\t\t<span class=\"um-field-checkbox-state\"><i class=\"um-icon-android-checkbox-outline-blank\"><\/i><\/span>\n\t\t\t\t\t\t<span class=\"um-field-checkbox-option\"> Se souvenir de moi<\/span>\n\t\t\t\t\t<\/label>\n\t\t\t\t<\/div>\n\t\t\t<\/div>\n\n\t\t\t\t\t\t<div class=\"um-clear\"><\/div>\n\t\t\n\t\t\t<div class=\"um-left um-half\">\n\t\t\t\t<input type=\"submit\" value=\"Me connecter \" class=\"um-button\" id=\"um-submit-btn\" \/>\n\t\t\t<\/div>\n\t\t\t<div class=\"um-right um-half\">\n\t\t\t\t<a href=\"https:\/\/www.subdeco.com\/deco\/register\/\" class=\"um-button um-alt\">\n\t\t\t\t\tCr\u00e9er un compte\t\t\t\t<\/a>\n\t\t\t<\/div>\n\n\t\t\n\t\t<div class=\"um-clear\"><\/div>\n\n\t<\/div>\n\n\t\n\t<div class=\"um-col-alt-b\">\n\t\t<a href=\"https:\/\/www.subdeco.com\/deco\/password-reset\/\" class=\"um-link-alt\">\n\t\t\tMot de passe oubli\u00e9\u00a0?\t\t<\/a>\n\t<\/div>\n\n\t<input type='hidden' name='redirect_to' value='' >\t\t\t\r\n\t\t<\/form>\r\n\r\n\t<\/div>\r\n\r\n<\/div><style type=\"text\/css\">\n.um-1209.um {\n\tmax-width: 450px;\n}<\/style>\n\n","protected":false},"excerpt":{"rendered":"<p>Connectez-vous \u00e0 votre compte Subd\u00e9co Connectez-vous \u00e0 votre compte pro et acc\u00e9dez librement au t\u00e9l\u00e9chargement des tarifs et bons de commande Subd\u00e9co ainsi qu&#8217;\u00e0 l&#8217;ensemble des ressources mises \u00e0 votre&#8230;<\/p>\n","protected":false},"author":1,"featured_media":0,"parent":0,"menu_order":0,"comment_status":"closed","ping_status":"closed","template":"","meta":{"footnotes":""},"class_list":["post-1213","page","type-page","status-publish"],"yoast_head":"<!-- This site is optimized with the Yoast SEO plugin v26.9 - https:\/\/yoast.com\/product\/yoast-seo-wordpress\/ -->\n<title>Connexion | SubD\u00e9co D\u00e9co<\/title>\n<meta name=\"description\" content=\"Connectez-vous \u00e0 votre compte Subd\u00e9co Connectez-vous \u00e0 votre compte pro et acc\u00e9dez librement au t\u00e9l\u00e9chargement des tarifs et bons de commande Subd\u00e9co\" \/>\n<meta name=\"robots\" content=\"noindex, nofollow\" \/>\n<meta property=\"og:locale\" content=\"fr_FR\" \/>\n<meta property=\"og:type\" content=\"article\" \/>\n<meta property=\"og:title\" content=\"Connexion | SubD\u00e9co D\u00e9co\" \/>\n<meta property=\"og:description\" content=\"Connectez-vous \u00e0 votre compte Subd\u00e9co Connectez-vous \u00e0 votre compte pro et acc\u00e9dez librement au t\u00e9l\u00e9chargement des tarifs et bons de commande Subd\u00e9co\" \/>\n<meta property=\"og:url\" content=\"https:\/\/www.subdeco.com\/deco\/login\/\" \/>\n<meta property=\"og:site_name\" content=\"Subd\u00e9co - D\u00e9co\" \/>\n<meta property=\"article:modified_time\" content=\"2025-07-23T07:28:05+00:00\" \/>\n<meta property=\"og:image\" content=\"https:\/\/www.subdeco.com\/deco\/wp-content\/uploads\/2021\/03\/shutterstock_1832015656-comp.jpg\" \/>\n\t<meta property=\"og:image:width\" content=\"1500\" \/>\n\t<meta property=\"og:image:height\" content=\"1001\" \/>\n\t<meta property=\"og:image:type\" content=\"image\/jpeg\" \/>\n<meta name=\"twitter:card\" content=\"summary_large_image\" \/>\n<meta name=\"twitter:label1\" content=\"Dur\u00e9e de lecture estim\u00e9e\" \/>\n\t<meta name=\"twitter:data1\" content=\"1 minute\" \/>\n<script type=\"application\/ld+json\" class=\"yoast-schema-graph\">{\"@context\":\"https:\/\/schema.org\",\"@graph\":[{\"@type\":\"WebPage\",\"@id\":\"https:\/\/www.subdeco.com\/deco\/login\/\",\"url\":\"https:\/\/www.subdeco.com\/deco\/login\/\",\"name\":\"Connexion | SubD\u00e9co D\u00e9co\",\"isPartOf\":{\"@id\":\"https:\/\/www.subdeco.com\/deco\/#website\"},\"datePublished\":\"2020-12-27T12:39:03+00:00\",\"dateModified\":\"2025-07-23T07:28:05+00:00\",\"description\":\"Connectez-vous \u00e0 votre compte Subd\u00e9co Connectez-vous \u00e0 votre compte pro et acc\u00e9dez librement au t\u00e9l\u00e9chargement des tarifs et bons de commande Subd\u00e9co\",\"breadcrumb\":{\"@id\":\"https:\/\/www.subdeco.com\/deco\/login\/#breadcrumb\"},\"inLanguage\":\"fr-FR\",\"potentialAction\":[{\"@type\":\"ReadAction\",\"target\":[\"https:\/\/www.subdeco.com\/deco\/login\/\"]}]},{\"@type\":\"BreadcrumbList\",\"@id\":\"https:\/\/www.subdeco.com\/deco\/login\/#breadcrumb\",\"itemListElement\":[{\"@type\":\"ListItem\",\"position\":1,\"name\":\"Accueil\",\"item\":\"https:\/\/www.subdeco.com\/deco\/\"},{\"@type\":\"ListItem\",\"position\":2,\"name\":\"Connexion\"}]},{\"@type\":\"WebSite\",\"@id\":\"https:\/\/www.subdeco.com\/deco\/#website\",\"url\":\"https:\/\/www.subdeco.com\/deco\/\",\"name\":\"SubD\u00e9co\",\"description\":\"Fournitures tissus rails et stores pour cr\u00e9er vos int\u00e9rieurs textile.\",\"publisher\":{\"@id\":\"https:\/\/www.subdeco.com\/deco\/#organization\"},\"alternateName\":\"SubD\u00e9co - D\u00e9co\",\"potentialAction\":[{\"@type\":\"SearchAction\",\"target\":{\"@type\":\"EntryPoint\",\"urlTemplate\":\"https:\/\/www.subdeco.com\/deco\/?s={search_term_string}\"},\"query-input\":{\"@type\":\"PropertyValueSpecification\",\"valueRequired\":true,\"valueName\":\"search_term_string\"}}],\"inLanguage\":\"fr-FR\"},{\"@type\":\"Organization\",\"@id\":\"https:\/\/www.subdeco.com\/deco\/#organization\",\"name\":\"SubD\u00e9co\",\"alternateName\":\"SubD\u00e9co - D\u00e9co\",\"url\":\"https:\/\/www.subdeco.com\/deco\/\",\"logo\":{\"@type\":\"ImageObject\",\"inLanguage\":\"fr-FR\",\"@id\":\"https:\/\/www.subdeco.com\/deco\/#\/schema\/logo\/image\/\",\"url\":\"https:\/\/www.subdeco.com\/deco\/wp-content\/uploads\/2021\/03\/shutterstock_1832015656-comp.jpg\",\"contentUrl\":\"https:\/\/www.subdeco.com\/deco\/wp-content\/uploads\/2021\/03\/shutterstock_1832015656-comp.jpg\",\"width\":1500,\"height\":1001,\"caption\":\"SubD\u00e9co\"},\"image\":{\"@id\":\"https:\/\/www.subdeco.com\/deco\/#\/schema\/logo\/image\/\"},\"sameAs\":[\"https:\/\/www.linkedin.com\/company\/subdeco\"]}]}<\/script>\n<!-- \/ Yoast SEO plugin. -->","yoast_head_json":{"title":"Connexion | SubD\u00e9co D\u00e9co","description":"Connectez-vous \u00e0 votre compte Subd\u00e9co Connectez-vous \u00e0 votre compte pro et acc\u00e9dez librement au t\u00e9l\u00e9chargement des tarifs et bons de commande Subd\u00e9co","robots":{"index":"noindex","follow":"nofollow"},"og_locale":"fr_FR","og_type":"article","og_title":"Connexion | SubD\u00e9co D\u00e9co","og_description":"Connectez-vous \u00e0 votre compte Subd\u00e9co Connectez-vous \u00e0 votre compte pro et acc\u00e9dez librement au t\u00e9l\u00e9chargement des tarifs et bons de commande Subd\u00e9co","og_url":"https:\/\/www.subdeco.com\/deco\/login\/","og_site_name":"Subd\u00e9co - D\u00e9co","article_modified_time":"2025-07-23T07:28:05+00:00","og_image":[{"width":1500,"height":1001,"url":"https:\/\/www.subdeco.com\/deco\/wp-content\/uploads\/2021\/03\/shutterstock_1832015656-comp.jpg","type":"image\/jpeg"}],"twitter_card":"summary_large_image","twitter_misc":{"Dur\u00e9e de lecture estim\u00e9e":"1 minute"},"schema":{"@context":"https:\/\/schema.org","@graph":[{"@type":"WebPage","@id":"https:\/\/www.subdeco.com\/deco\/login\/","url":"https:\/\/www.subdeco.com\/deco\/login\/","name":"Connexion | SubD\u00e9co D\u00e9co","isPartOf":{"@id":"https:\/\/www.subdeco.com\/deco\/#website"},"datePublished":"2020-12-27T12:39:03+00:00","dateModified":"2025-07-23T07:28:05+00:00","description":"Connectez-vous \u00e0 votre compte Subd\u00e9co Connectez-vous \u00e0 votre compte pro et acc\u00e9dez librement au t\u00e9l\u00e9chargement des tarifs et bons de commande Subd\u00e9co","breadcrumb":{"@id":"https:\/\/www.subdeco.com\/deco\/login\/#breadcrumb"},"inLanguage":"fr-FR","potentialAction":[{"@type":"ReadAction","target":["https:\/\/www.subdeco.com\/deco\/login\/"]}]},{"@type":"BreadcrumbList","@id":"https:\/\/www.subdeco.com\/deco\/login\/#breadcrumb","itemListElement":[{"@type":"ListItem","position":1,"name":"Accueil","item":"https:\/\/www.subdeco.com\/deco\/"},{"@type":"ListItem","position":2,"name":"Connexion"}]},{"@type":"WebSite","@id":"https:\/\/www.subdeco.com\/deco\/#website","url":"https:\/\/www.subdeco.com\/deco\/","name":"SubD\u00e9co","description":"Fournitures tissus rails et stores pour cr\u00e9er vos int\u00e9rieurs textile.","publisher":{"@id":"https:\/\/www.subdeco.com\/deco\/#organization"},"alternateName":"SubD\u00e9co - D\u00e9co","potentialAction":[{"@type":"SearchAction","target":{"@type":"EntryPoint","urlTemplate":"https:\/\/www.subdeco.com\/deco\/?s={search_term_string}"},"query-input":{"@type":"PropertyValueSpecification","valueRequired":true,"valueName":"search_term_string"}}],"inLanguage":"fr-FR"},{"@type":"Organization","@id":"https:\/\/www.subdeco.com\/deco\/#organization","name":"SubD\u00e9co","alternateName":"SubD\u00e9co - D\u00e9co","url":"https:\/\/www.subdeco.com\/deco\/","logo":{"@type":"ImageObject","inLanguage":"fr-FR","@id":"https:\/\/www.subdeco.com\/deco\/#\/schema\/logo\/image\/","url":"https:\/\/www.subdeco.com\/deco\/wp-content\/uploads\/2021\/03\/shutterstock_1832015656-comp.jpg","contentUrl":"https:\/\/www.subdeco.com\/deco\/wp-content\/uploads\/2021\/03\/shutterstock_1832015656-comp.jpg","width":1500,"height":1001,"caption":"SubD\u00e9co"},"image":{"@id":"https:\/\/www.subdeco.com\/deco\/#\/schema\/logo\/image\/"},"sameAs":["https:\/\/www.linkedin.com\/company\/subdeco"]}]}},"_links":{"self":[{"href":"https:\/\/www.subdeco.com\/deco\/wp-json\/wp\/v2\/pages\/1213","targetHints":{"allow":["GET"]}}],"collection":[{"href":"https:\/\/www.subdeco.com\/deco\/wp-json\/wp\/v2\/pages"}],"about":[{"href":"https:\/\/www.subdeco.com\/deco\/wp-json\/wp\/v2\/types\/page"}],"author":[{"embeddable":true,"href":"https:\/\/www.subdeco.com\/deco\/wp-json\/wp\/v2\/users\/1"}],"replies":[{"embeddable":true,"href":"https:\/\/www.subdeco.com\/deco\/wp-json\/wp\/v2\/comments?post=1213"}],"version-history":[{"count":1,"href":"https:\/\/www.subdeco.com\/deco\/wp-json\/wp\/v2\/pages\/1213\/revisions"}],"predecessor-version":[{"id":1233,"href":"https:\/\/www.subdeco.com\/deco\/wp-json\/wp\/v2\/pages\/1213\/revisions\/1233"}],"wp:attachment":[{"href":"https:\/\/www.subdeco.com\/deco\/wp-json\/wp\/v2\/media?parent=1213"}],"curies":[{"name":"wp","href":"https:\/\/api.w.org\/{rel}","templated":true}]}}