{"id":2373,"date":"2021-03-09T17:13:45","date_gmt":"2021-03-09T16:13:45","guid":{"rendered":"https:\/\/subdeco.com\/?post_type=produit&#038;p=2373"},"modified":"2022-08-22T16:46:13","modified_gmt":"2022-08-22T14:46:13","slug":"rail-decoratif-sur-mesure-crs-diam-20mm-ou-28mm","status":"publish","type":"produit","link":"https:\/\/www.subdeco.com\/deco\/produit\/rail-decoratif-sur-mesure-crs-diam-20mm-ou-28mm\/","title":{"rendered":"Rail d\u00e9coratif sur-mesure &#8211; CRS diam. 20mm ou 28mm"},"content":{"rendered":"","protected":false},"featured_media":2374,"template":"","produit_categorie":[42,50,13,15],"manoeuvre":[18,29],"coloris":[24],"cintrable":[28,27],"coloris_mecanisme":[33],"installation":[39],"class_list":{"0":"post-2373","1":"produit","2":"type-produit","3":"status-publish","4":"has-post-thumbnail","6":"produit_categorie-autres-profiles","7":"produit_categorie-barres-tringles","8":"produit_categorie-rails-tringles","9":"produit_categorie-rails-et-barres","10":"manoeuvre-manuelle","11":"manoeuvre-tirage-direct","12":"coloris-gris","13":"cintrable-non","14":"cintrable-oui","15":"coloris_mecanisme-gris","16":"installation-horizontale"},"yoast_head":"<!-- This site is optimized with the Yoast SEO plugin v26.9 - https:\/\/yoast.com\/product\/yoast-seo-wordpress\/ -->\n<title>Rail d\u00e9coratif sur-mesure - CRS diam. 20mm ou 28mm | SubD\u00e9co D\u00e9co<\/title>\n<meta name=\"description\" content=\"Catalogue en ligne. Tarif pour professionnels de la d\u00e9coration. Fournitures, rails et stores sur-mesure. Rapidit\u00e9, garantie et service d\u00e9di\u00e9.\" \/>\n<meta name=\"robots\" content=\"index, follow, max-snippet:-1, max-image-preview:large, max-video-preview:-1\" \/>\n<link rel=\"canonical\" href=\"https:\/\/www.subdeco.com\/deco\/produit\/rail-decoratif-sur-mesure-crs-diam-20mm-ou-28mm\/\" \/>\n<meta property=\"og:locale\" content=\"fr_FR\" \/>\n<meta property=\"og:type\" content=\"article\" \/>\n<meta property=\"og:title\" content=\"Rail d\u00e9coratif sur-mesure - CRS diam. 20mm ou 28mm | SubD\u00e9co D\u00e9co\" \/>\n<meta property=\"og:description\" content=\"Catalogue en ligne. Tarif pour professionnels de la d\u00e9coration. Fournitures, rails et stores sur-mesure. Rapidit\u00e9, garantie et service d\u00e9di\u00e9.\" \/>\n<meta property=\"og:url\" content=\"https:\/\/www.subdeco.com\/deco\/produit\/rail-decoratif-sur-mesure-crs-diam-20mm-ou-28mm\/\" \/>\n<meta property=\"og:site_name\" content=\"Subd\u00e9co - D\u00e9co\" \/>\n<meta property=\"article:modified_time\" content=\"2022-08-22T14:46:13+00:00\" \/>\n<meta property=\"og:image\" content=\"https:\/\/www.subdeco.com\/deco\/wp-content\/uploads\/2021\/03\/CRS-Etiquettre-300x223-1.png\" \/>\n\t<meta property=\"og:image:width\" content=\"300\" \/>\n\t<meta property=\"og:image:height\" content=\"223\" \/>\n\t<meta property=\"og:image:type\" content=\"image\/png\" \/>\n<meta name=\"twitter:card\" content=\"summary_large_image\" \/>\n<script type=\"application\/ld+json\" class=\"yoast-schema-graph\">{\"@context\":\"https:\/\/schema.org\",\"@graph\":[{\"@type\":[\"WebPage\",\"ItemPage\"],\"@id\":\"https:\/\/www.subdeco.com\/deco\/produit\/rail-decoratif-sur-mesure-crs-diam-20mm-ou-28mm\/\",\"url\":\"https:\/\/www.subdeco.com\/deco\/produit\/rail-decoratif-sur-mesure-crs-diam-20mm-ou-28mm\/\",\"name\":\"Rail d\u00e9coratif sur-mesure - CRS diam. 20mm ou 28mm | SubD\u00e9co D\u00e9co\",\"isPartOf\":{\"@id\":\"https:\/\/www.subdeco.com\/deco\/#website\"},\"primaryImageOfPage\":{\"@id\":\"https:\/\/www.subdeco.com\/deco\/produit\/rail-decoratif-sur-mesure-crs-diam-20mm-ou-28mm\/#primaryimage\"},\"image\":{\"@id\":\"https:\/\/www.subdeco.com\/deco\/produit\/rail-decoratif-sur-mesure-crs-diam-20mm-ou-28mm\/#primaryimage\"},\"thumbnailUrl\":\"https:\/\/www.subdeco.com\/deco\/wp-content\/uploads\/2021\/03\/CRS-Etiquettre-300x223-1.png\",\"datePublished\":\"2021-03-09T16:13:45+00:00\",\"dateModified\":\"2022-08-22T14:46:13+00:00\",\"description\":\"Catalogue en ligne. Tarif pour professionnels de la d\u00e9coration. Fournitures, rails et stores sur-mesure. Rapidit\u00e9, garantie et service d\u00e9di\u00e9.\",\"breadcrumb\":{\"@id\":\"https:\/\/www.subdeco.com\/deco\/produit\/rail-decoratif-sur-mesure-crs-diam-20mm-ou-28mm\/#breadcrumb\"},\"inLanguage\":\"fr-FR\",\"potentialAction\":[{\"@type\":\"ReadAction\",\"target\":[\"https:\/\/www.subdeco.com\/deco\/produit\/rail-decoratif-sur-mesure-crs-diam-20mm-ou-28mm\/\"]}]},{\"@type\":\"ImageObject\",\"inLanguage\":\"fr-FR\",\"@id\":\"https:\/\/www.subdeco.com\/deco\/produit\/rail-decoratif-sur-mesure-crs-diam-20mm-ou-28mm\/#primaryimage\",\"url\":\"https:\/\/www.subdeco.com\/deco\/wp-content\/uploads\/2021\/03\/CRS-Etiquettre-300x223-1.png\",\"contentUrl\":\"https:\/\/www.subdeco.com\/deco\/wp-content\/uploads\/2021\/03\/CRS-Etiquettre-300x223-1.png\",\"width\":300,\"height\":223},{\"@type\":\"BreadcrumbList\",\"@id\":\"https:\/\/www.subdeco.com\/deco\/produit\/rail-decoratif-sur-mesure-crs-diam-20mm-ou-28mm\/#breadcrumb\",\"itemListElement\":[{\"@type\":\"ListItem\",\"position\":1,\"name\":\"Accueil\",\"item\":\"https:\/\/www.subdeco.com\/deco\/\"},{\"@type\":\"ListItem\",\"position\":2,\"name\":\"Produits\",\"item\":\"https:\/\/www.subdeco.com\/deco\/produit\/\"},{\"@type\":\"ListItem\",\"position\":3,\"name\":\"Rails et barres\",\"item\":\"https:\/\/www.subdeco.com\/deco\/produit_categorie\/rails-et-barres\/\"},{\"@type\":\"ListItem\",\"position\":4,\"name\":\"Rails \/ Tringles\",\"item\":\"https:\/\/www.subdeco.com\/deco\/produit_categorie\/rails-tringles\/\"},{\"@type\":\"ListItem\",\"position\":5,\"name\":\"Rail d\u00e9coratif sur-mesure &#8211; CRS diam. 20mm ou 28mm\"}]},{\"@type\":\"WebSite\",\"@id\":\"https:\/\/www.subdeco.com\/deco\/#website\",\"url\":\"https:\/\/www.subdeco.com\/deco\/\",\"name\":\"SubD\u00e9co\",\"description\":\"Fournitures tissus rails et stores pour cr\u00e9er vos int\u00e9rieurs textile.\",\"publisher\":{\"@id\":\"https:\/\/www.subdeco.com\/deco\/#organization\"},\"alternateName\":\"SubD\u00e9co - D\u00e9co\",\"potentialAction\":[{\"@type\":\"SearchAction\",\"target\":{\"@type\":\"EntryPoint\",\"urlTemplate\":\"https:\/\/www.subdeco.com\/deco\/?s={search_term_string}\"},\"query-input\":{\"@type\":\"PropertyValueSpecification\",\"valueRequired\":true,\"valueName\":\"search_term_string\"}}],\"inLanguage\":\"fr-FR\"},{\"@type\":\"Organization\",\"@id\":\"https:\/\/www.subdeco.com\/deco\/#organization\",\"name\":\"SubD\u00e9co\",\"alternateName\":\"SubD\u00e9co - D\u00e9co\",\"url\":\"https:\/\/www.subdeco.com\/deco\/\",\"logo\":{\"@type\":\"ImageObject\",\"inLanguage\":\"fr-FR\",\"@id\":\"https:\/\/www.subdeco.com\/deco\/#\/schema\/logo\/image\/\",\"url\":\"https:\/\/www.subdeco.com\/deco\/wp-content\/uploads\/2021\/03\/shutterstock_1832015656-comp.jpg\",\"contentUrl\":\"https:\/\/www.subdeco.com\/deco\/wp-content\/uploads\/2021\/03\/shutterstock_1832015656-comp.jpg\",\"width\":1500,\"height\":1001,\"caption\":\"SubD\u00e9co\"},\"image\":{\"@id\":\"https:\/\/www.subdeco.com\/deco\/#\/schema\/logo\/image\/\"},\"sameAs\":[\"https:\/\/www.linkedin.com\/company\/subdeco\"]}]}<\/script>\n<!-- \/ Yoast SEO plugin. -->","yoast_head_json":{"title":"Rail d\u00e9coratif sur-mesure - CRS diam. 20mm ou 28mm | SubD\u00e9co D\u00e9co","description":"Catalogue en ligne. Tarif pour professionnels de la d\u00e9coration. Fournitures, rails et stores sur-mesure. Rapidit\u00e9, garantie et service d\u00e9di\u00e9.","robots":{"index":"index","follow":"follow","max-snippet":"max-snippet:-1","max-image-preview":"max-image-preview:large","max-video-preview":"max-video-preview:-1"},"canonical":"https:\/\/www.subdeco.com\/deco\/produit\/rail-decoratif-sur-mesure-crs-diam-20mm-ou-28mm\/","og_locale":"fr_FR","og_type":"article","og_title":"Rail d\u00e9coratif sur-mesure - CRS diam. 20mm ou 28mm | SubD\u00e9co D\u00e9co","og_description":"Catalogue en ligne. Tarif pour professionnels de la d\u00e9coration. Fournitures, rails et stores sur-mesure. Rapidit\u00e9, garantie et service d\u00e9di\u00e9.","og_url":"https:\/\/www.subdeco.com\/deco\/produit\/rail-decoratif-sur-mesure-crs-diam-20mm-ou-28mm\/","og_site_name":"Subd\u00e9co - D\u00e9co","article_modified_time":"2022-08-22T14:46:13+00:00","og_image":[{"width":300,"height":223,"url":"https:\/\/www.subdeco.com\/deco\/wp-content\/uploads\/2021\/03\/CRS-Etiquettre-300x223-1.png","type":"image\/png"}],"twitter_card":"summary_large_image","schema":{"@context":"https:\/\/schema.org","@graph":[{"@type":["WebPage","ItemPage"],"@id":"https:\/\/www.subdeco.com\/deco\/produit\/rail-decoratif-sur-mesure-crs-diam-20mm-ou-28mm\/","url":"https:\/\/www.subdeco.com\/deco\/produit\/rail-decoratif-sur-mesure-crs-diam-20mm-ou-28mm\/","name":"Rail d\u00e9coratif sur-mesure - CRS diam. 20mm ou 28mm | SubD\u00e9co D\u00e9co","isPartOf":{"@id":"https:\/\/www.subdeco.com\/deco\/#website"},"primaryImageOfPage":{"@id":"https:\/\/www.subdeco.com\/deco\/produit\/rail-decoratif-sur-mesure-crs-diam-20mm-ou-28mm\/#primaryimage"},"image":{"@id":"https:\/\/www.subdeco.com\/deco\/produit\/rail-decoratif-sur-mesure-crs-diam-20mm-ou-28mm\/#primaryimage"},"thumbnailUrl":"https:\/\/www.subdeco.com\/deco\/wp-content\/uploads\/2021\/03\/CRS-Etiquettre-300x223-1.png","datePublished":"2021-03-09T16:13:45+00:00","dateModified":"2022-08-22T14:46:13+00:00","description":"Catalogue en ligne. Tarif pour professionnels de la d\u00e9coration. Fournitures, rails et stores sur-mesure. Rapidit\u00e9, garantie et service d\u00e9di\u00e9.","breadcrumb":{"@id":"https:\/\/www.subdeco.com\/deco\/produit\/rail-decoratif-sur-mesure-crs-diam-20mm-ou-28mm\/#breadcrumb"},"inLanguage":"fr-FR","potentialAction":[{"@type":"ReadAction","target":["https:\/\/www.subdeco.com\/deco\/produit\/rail-decoratif-sur-mesure-crs-diam-20mm-ou-28mm\/"]}]},{"@type":"ImageObject","inLanguage":"fr-FR","@id":"https:\/\/www.subdeco.com\/deco\/produit\/rail-decoratif-sur-mesure-crs-diam-20mm-ou-28mm\/#primaryimage","url":"https:\/\/www.subdeco.com\/deco\/wp-content\/uploads\/2021\/03\/CRS-Etiquettre-300x223-1.png","contentUrl":"https:\/\/www.subdeco.com\/deco\/wp-content\/uploads\/2021\/03\/CRS-Etiquettre-300x223-1.png","width":300,"height":223},{"@type":"BreadcrumbList","@id":"https:\/\/www.subdeco.com\/deco\/produit\/rail-decoratif-sur-mesure-crs-diam-20mm-ou-28mm\/#breadcrumb","itemListElement":[{"@type":"ListItem","position":1,"name":"Accueil","item":"https:\/\/www.subdeco.com\/deco\/"},{"@type":"ListItem","position":2,"name":"Produits","item":"https:\/\/www.subdeco.com\/deco\/produit\/"},{"@type":"ListItem","position":3,"name":"Rails et barres","item":"https:\/\/www.subdeco.com\/deco\/produit_categorie\/rails-et-barres\/"},{"@type":"ListItem","position":4,"name":"Rails \/ Tringles","item":"https:\/\/www.subdeco.com\/deco\/produit_categorie\/rails-tringles\/"},{"@type":"ListItem","position":5,"name":"Rail d\u00e9coratif sur-mesure &#8211; CRS diam. 20mm ou 28mm"}]},{"@type":"WebSite","@id":"https:\/\/www.subdeco.com\/deco\/#website","url":"https:\/\/www.subdeco.com\/deco\/","name":"SubD\u00e9co","description":"Fournitures tissus rails et stores pour cr\u00e9er vos int\u00e9rieurs textile.","publisher":{"@id":"https:\/\/www.subdeco.com\/deco\/#organization"},"alternateName":"SubD\u00e9co - D\u00e9co","potentialAction":[{"@type":"SearchAction","target":{"@type":"EntryPoint","urlTemplate":"https:\/\/www.subdeco.com\/deco\/?s={search_term_string}"},"query-input":{"@type":"PropertyValueSpecification","valueRequired":true,"valueName":"search_term_string"}}],"inLanguage":"fr-FR"},{"@type":"Organization","@id":"https:\/\/www.subdeco.com\/deco\/#organization","name":"SubD\u00e9co","alternateName":"SubD\u00e9co - D\u00e9co","url":"https:\/\/www.subdeco.com\/deco\/","logo":{"@type":"ImageObject","inLanguage":"fr-FR","@id":"https:\/\/www.subdeco.com\/deco\/#\/schema\/logo\/image\/","url":"https:\/\/www.subdeco.com\/deco\/wp-content\/uploads\/2021\/03\/shutterstock_1832015656-comp.jpg","contentUrl":"https:\/\/www.subdeco.com\/deco\/wp-content\/uploads\/2021\/03\/shutterstock_1832015656-comp.jpg","width":1500,"height":1001,"caption":"SubD\u00e9co"},"image":{"@id":"https:\/\/www.subdeco.com\/deco\/#\/schema\/logo\/image\/"},"sameAs":["https:\/\/www.linkedin.com\/company\/subdeco"]}]}},"_links":{"self":[{"href":"https:\/\/www.subdeco.com\/deco\/wp-json\/wp\/v2\/produit\/2373","targetHints":{"allow":["GET"]}}],"collection":[{"href":"https:\/\/www.subdeco.com\/deco\/wp-json\/wp\/v2\/produit"}],"about":[{"href":"https:\/\/www.subdeco.com\/deco\/wp-json\/wp\/v2\/types\/produit"}],"wp:featuredmedia":[{"embeddable":true,"href":"https:\/\/www.subdeco.com\/deco\/wp-json\/wp\/v2\/media\/2374"}],"wp:attachment":[{"href":"https:\/\/www.subdeco.com\/deco\/wp-json\/wp\/v2\/media?parent=2373"}],"wp:term":[{"taxonomy":"produit_categorie","embeddable":true,"href":"https:\/\/www.subdeco.com\/deco\/wp-json\/wp\/v2\/produit_categorie?post=2373"},{"taxonomy":"manoeuvre","embeddable":true,"href":"https:\/\/www.subdeco.com\/deco\/wp-json\/wp\/v2\/manoeuvre?post=2373"},{"taxonomy":"coloris","embeddable":true,"href":"https:\/\/www.subdeco.com\/deco\/wp-json\/wp\/v2\/coloris?post=2373"},{"taxonomy":"cintrable","embeddable":true,"href":"https:\/\/www.subdeco.com\/deco\/wp-json\/wp\/v2\/cintrable?post=2373"},{"taxonomy":"coloris_mecanisme","embeddable":true,"href":"https:\/\/www.subdeco.com\/deco\/wp-json\/wp\/v2\/coloris_mecanisme?post=2373"},{"taxonomy":"installation","embeddable":true,"href":"https:\/\/www.subdeco.com\/deco\/wp-json\/wp\/v2\/installation?post=2373"}],"curies":[{"name":"wp","href":"https:\/\/api.w.org\/{rel}","templated":true}]}}

Rail décoratif sur-mesure &#8211; CRS diam. 20mm ou 28mm

<!-- This site is optimized with the Yoast SEO plugin v26.9 - https://yoast.com/product/yoast-seo-wordpress/ -->
<title>Rail décoratif sur-mesure - CRS diam. 20mm ou 28mm | SubDéco Déco</title>
<meta name="description" content="Catalogue en ligne. Tarif pour professionnels de la décoration. Fournitures, rails et stores sur-mesure. Rapidité, garantie et service dédié." />
<meta name="robots" content="index, follow, max-snippet:-1, max-image-preview:large, max-video-preview:-1" />
<link rel="canonical" href="https://www.subdeco.com/deco/produit/rail-decoratif-sur-mesure-crs-diam-20mm-ou-28mm/" />
<meta property="og:locale" content="fr_FR" />
<meta property="og:type" content="article" />
<meta property="og:title" content="Rail décoratif sur-mesure - CRS diam. 20mm ou 28mm | SubDéco Déco" />
<meta property="og:description" content="Catalogue en ligne. Tarif pour professionnels de la décoration. Fournitures, rails et stores sur-mesure. Rapidité, garantie et service dédié." />
<meta property="og:url" content="https://www.subdeco.com/deco/produit/rail-decoratif-sur-mesure-crs-diam-20mm-ou-28mm/" />
<meta property="og:site_name" content="Subdéco - Déco" />
<meta property="article:modified_time" content="2022-08-22T14:46:13+00:00" />
<meta property="og:image" content="https://www.subdeco.com/deco/wp-content/uploads/2021/03/CRS-Etiquettre-300x223-1.png" />
	<meta property="og:image:width" content="300" />
	<meta property="og:image:height" content="223" />
	<meta property="og:image:type" content="image/png" />
<meta name="twitter:card" content="summary_large_image" />
<script type="application/ld+json" class="yoast-schema-graph">{"@context":"https://schema.org","@graph":[{"@type":["WebPage","ItemPage"],"@id":"https://www.subdeco.com/deco/produit/rail-decoratif-sur-mesure-crs-diam-20mm-ou-28mm/","url":"https://www.subdeco.com/deco/produit/rail-decoratif-sur-mesure-crs-diam-20mm-ou-28mm/","name":"Rail décoratif sur-mesure - CRS diam. 20mm ou 28mm | SubDéco Déco","isPartOf":{"@id":"https://www.subdeco.com/deco/#website"},"primaryImageOfPage":{"@id":"https://www.subdeco.com/deco/produit/rail-decoratif-sur-mesure-crs-diam-20mm-ou-28mm/#primaryimage"},"image":{"@id":"https://www.subdeco.com/deco/produit/rail-decoratif-sur-mesure-crs-diam-20mm-ou-28mm/#primaryimage"},"thumbnailUrl":"https://www.subdeco.com/deco/wp-content/uploads/2021/03/CRS-Etiquettre-300x223-1.png","datePublished":"2021-03-09T16:13:45+00:00","dateModified":"2022-08-22T14:46:13+00:00","description":"Catalogue en ligne. Tarif pour professionnels de la décoration. Fournitures, rails et stores sur-mesure. Rapidité, garantie et service dédié.","breadcrumb":{"@id":"https://www.subdeco.com/deco/produit/rail-decoratif-sur-mesure-crs-diam-20mm-ou-28mm/#breadcrumb"},"inLanguage":"fr-FR","potentialAction":[{"@type":"ReadAction","target":["https://www.subdeco.com/deco/produit/rail-decoratif-sur-mesure-crs-diam-20mm-ou-28mm/"]}]},{"@type":"ImageObject","inLanguage":"fr-FR","@id":"https://www.subdeco.com/deco/produit/rail-decoratif-sur-mesure-crs-diam-20mm-ou-28mm/#primaryimage","url":"https://www.subdeco.com/deco/wp-content/uploads/2021/03/CRS-Etiquettre-300x223-1.png","contentUrl":"https://www.subdeco.com/deco/wp-content/uploads/2021/03/CRS-Etiquettre-300x223-1.png","width":300,"height":223},{"@type":"BreadcrumbList","@id":"https://www.subdeco.com/deco/produit/rail-decoratif-sur-mesure-crs-diam-20mm-ou-28mm/#breadcrumb","itemListElement":[{"@type":"ListItem","position":1,"name":"Accueil","item":"https://www.subdeco.com/deco/"},{"@type":"ListItem","position":2,"name":"Produits","item":"https://www.subdeco.com/deco/produit/"},{"@type":"ListItem","position":3,"name":"Rails et barres","item":"https://www.subdeco.com/deco/produit_categorie/rails-et-barres/"},{"@type":"ListItem","position":4,"name":"Rails / Tringles","item":"https://www.subdeco.com/deco/produit_categorie/rails-tringles/"},{"@type":"ListItem","position":5,"name":"Rail décoratif sur-mesure &#8211; CRS diam. 20mm ou 28mm"}]},{"@type":"WebSite","@id":"https://www.subdeco.com/deco/#website","url":"https://www.subdeco.com/deco/","name":"SubDéco","description":"Fournitures tissus rails et stores pour créer vos intérieurs textile.","publisher":{"@id":"https://www.subdeco.com/deco/#organization"},"alternateName":"SubDéco - Déco","potentialAction":[{"@type":"SearchAction","target":{"@type":"EntryPoint","urlTemplate":"https://www.subdeco.com/deco/?s={search_term_string}"},"query-input":{"@type":"PropertyValueSpecification","valueRequired":true,"valueName":"search_term_string"}}],"inLanguage":"fr-FR"},{"@type":"Organization","@id":"https://www.subdeco.com/deco/#organization","name":"SubDéco","alternateName":"SubDéco - Déco","url":"https://www.subdeco.com/deco/","logo":{"@type":"ImageObject","inLanguage":"fr-FR","@id":"https://www.subdeco.com/deco/#/schema/logo/image/","url":"https://www.subdeco.com/deco/wp-content/uploads/2021/03/shutterstock_1832015656-comp.jpg","contentUrl":"https://www.subdeco.com/deco/wp-content/uploads/2021/03/shutterstock_1832015656-comp.jpg","width":1500,"height":1001,"caption":"SubDéco"},"image":{"@id":"https://www.subdeco.com/deco/#/schema/logo/image/"},"sameAs":["https://www.linkedin.com/company/subdeco"]}]}</script>
<!-- / Yoast SEO plugin. -->

Rail décoratif sur-mesure - CRS diam. 20mm ou 28mm | SubDéco Déco

Catalogue en ligne. Tarif pour professionnels de la décoration. Fournitures, rails et stores sur-mesure. Rapidité, garantie et service dédié.

Subdéco - Déco

SubDéco

Fournitures tissus rails et stores pour créer vos intérieurs textile.

SubDéco - Déco
