{"id":3502,"date":"2021-05-03T09:52:05","date_gmt":"2021-05-03T07:52:05","guid":{"rendered":"https:\/\/www.subdeco.com\/deco\/?post_type=produit&#038;p=3502"},"modified":"2021-05-03T10:13:36","modified_gmt":"2021-05-03T08:13:36","slug":"tissus-dameublement-manuel-revert","status":"publish","type":"produit","link":"https:\/\/www.subdeco.com\/deco\/produit\/tissus-dameublement-manuel-revert\/","title":{"rendered":"Tissus d&#8217;ameublement &#8211; MANUEL REVERT"},"content":{"rendered":"","protected":false},"featured_media":3508,"template":"","produit_categorie":[83,79],"manoeuvre":[],"coloris":[],"cintrable":[],"coloris_mecanisme":[],"installation":[],"class_list":{"0":"post-3502","1":"produit","2":"type-produit","3":"status-publish","4":"has-post-thumbnail","6":"produit_categorie-echantillonnage-nos-tissus","7":"produit_categorie-textile"},"yoast_head":"<!-- This site is optimized with the Yoast SEO plugin v26.9 - https:\/\/yoast.com\/product\/yoast-seo-wordpress\/ -->\n<title>Tissus d&#039;ameublement - MANUEL REVERT | SubD\u00e9co D\u00e9co<\/title>\n<meta name=\"description\" content=\"D\u00e9couvrez nos collections de tissus d&#039;ameublement. Vaste choix d&#039;\u00e9diteurs de tissus et fournitures pour tapissier\" \/>\n<meta name=\"robots\" content=\"index, follow, max-snippet:-1, max-image-preview:large, max-video-preview:-1\" \/>\n<link rel=\"canonical\" href=\"https:\/\/www.subdeco.com\/deco\/produit\/tissus-dameublement-manuel-revert\/\" \/>\n<meta property=\"og:locale\" content=\"fr_FR\" \/>\n<meta property=\"og:type\" content=\"article\" \/>\n<meta property=\"og:title\" content=\"Tissus d&#039;ameublement - MANUEL REVERT | SubD\u00e9co D\u00e9co\" \/>\n<meta property=\"og:description\" content=\"D\u00e9couvrez nos collections de tissus d&#039;ameublement. Vaste choix d&#039;\u00e9diteurs de tissus et fournitures pour tapissier\" \/>\n<meta property=\"og:url\" content=\"https:\/\/www.subdeco.com\/deco\/produit\/tissus-dameublement-manuel-revert\/\" \/>\n<meta property=\"og:site_name\" content=\"Subd\u00e9co - D\u00e9co\" \/>\n<meta property=\"article:modified_time\" content=\"2021-05-03T08:13:36+00:00\" \/>\n<meta property=\"og:image\" content=\"https:\/\/www.subdeco.com\/deco\/wp-content\/uploads\/2021\/05\/Tissu-maison-interieur-Manuel-Revert.jpg\" \/>\n\t<meta property=\"og:image:width\" content=\"1920\" \/>\n\t<meta property=\"og:image:height\" content=\"1200\" \/>\n\t<meta property=\"og:image:type\" content=\"image\/jpeg\" \/>\n<meta name=\"twitter:card\" content=\"summary_large_image\" \/>\n<script type=\"application\/ld+json\" class=\"yoast-schema-graph\">{\"@context\":\"https:\/\/schema.org\",\"@graph\":[{\"@type\":[\"WebPage\",\"ItemPage\"],\"@id\":\"https:\/\/www.subdeco.com\/deco\/produit\/tissus-dameublement-manuel-revert\/\",\"url\":\"https:\/\/www.subdeco.com\/deco\/produit\/tissus-dameublement-manuel-revert\/\",\"name\":\"Tissus d'ameublement - MANUEL REVERT | SubD\u00e9co D\u00e9co\",\"isPartOf\":{\"@id\":\"https:\/\/www.subdeco.com\/deco\/#website\"},\"primaryImageOfPage\":{\"@id\":\"https:\/\/www.subdeco.com\/deco\/produit\/tissus-dameublement-manuel-revert\/#primaryimage\"},\"image\":{\"@id\":\"https:\/\/www.subdeco.com\/deco\/produit\/tissus-dameublement-manuel-revert\/#primaryimage\"},\"thumbnailUrl\":\"https:\/\/www.subdeco.com\/deco\/wp-content\/uploads\/2021\/05\/Tissu-maison-interieur-Manuel-Revert.jpg\",\"datePublished\":\"2021-05-03T07:52:05+00:00\",\"dateModified\":\"2021-05-03T08:13:36+00:00\",\"description\":\"D\u00e9couvrez nos collections de tissus d'ameublement. Vaste choix d'\u00e9diteurs de tissus et fournitures pour tapissier\",\"breadcrumb\":{\"@id\":\"https:\/\/www.subdeco.com\/deco\/produit\/tissus-dameublement-manuel-revert\/#breadcrumb\"},\"inLanguage\":\"fr-FR\",\"potentialAction\":[{\"@type\":\"ReadAction\",\"target\":[\"https:\/\/www.subdeco.com\/deco\/produit\/tissus-dameublement-manuel-revert\/\"]}]},{\"@type\":\"ImageObject\",\"inLanguage\":\"fr-FR\",\"@id\":\"https:\/\/www.subdeco.com\/deco\/produit\/tissus-dameublement-manuel-revert\/#primaryimage\",\"url\":\"https:\/\/www.subdeco.com\/deco\/wp-content\/uploads\/2021\/05\/Tissu-maison-interieur-Manuel-Revert.jpg\",\"contentUrl\":\"https:\/\/www.subdeco.com\/deco\/wp-content\/uploads\/2021\/05\/Tissu-maison-interieur-Manuel-Revert.jpg\",\"width\":1920,\"height\":1200,\"caption\":\"Tissu maison interieur Manuel Revert\"},{\"@type\":\"BreadcrumbList\",\"@id\":\"https:\/\/www.subdeco.com\/deco\/produit\/tissus-dameublement-manuel-revert\/#breadcrumb\",\"itemListElement\":[{\"@type\":\"ListItem\",\"position\":1,\"name\":\"Accueil\",\"item\":\"https:\/\/www.subdeco.com\/deco\/\"},{\"@type\":\"ListItem\",\"position\":2,\"name\":\"Produits\",\"item\":\"https:\/\/www.subdeco.com\/deco\/produit\/\"},{\"@type\":\"ListItem\",\"position\":3,\"name\":\"Textile\",\"item\":\"https:\/\/www.subdeco.com\/deco\/produit_categorie\/textile\/\"},{\"@type\":\"ListItem\",\"position\":4,\"name\":\"Tissus d&#8217;ameublement &#8211; MANUEL REVERT\"}]},{\"@type\":\"WebSite\",\"@id\":\"https:\/\/www.subdeco.com\/deco\/#website\",\"url\":\"https:\/\/www.subdeco.com\/deco\/\",\"name\":\"SubD\u00e9co\",\"description\":\"Fournitures tissus rails et stores pour cr\u00e9er vos int\u00e9rieurs textile.\",\"publisher\":{\"@id\":\"https:\/\/www.subdeco.com\/deco\/#organization\"},\"alternateName\":\"SubD\u00e9co - D\u00e9co\",\"potentialAction\":[{\"@type\":\"SearchAction\",\"target\":{\"@type\":\"EntryPoint\",\"urlTemplate\":\"https:\/\/www.subdeco.com\/deco\/?s={search_term_string}\"},\"query-input\":{\"@type\":\"PropertyValueSpecification\",\"valueRequired\":true,\"valueName\":\"search_term_string\"}}],\"inLanguage\":\"fr-FR\"},{\"@type\":\"Organization\",\"@id\":\"https:\/\/www.subdeco.com\/deco\/#organization\",\"name\":\"SubD\u00e9co\",\"alternateName\":\"SubD\u00e9co - D\u00e9co\",\"url\":\"https:\/\/www.subdeco.com\/deco\/\",\"logo\":{\"@type\":\"ImageObject\",\"inLanguage\":\"fr-FR\",\"@id\":\"https:\/\/www.subdeco.com\/deco\/#\/schema\/logo\/image\/\",\"url\":\"https:\/\/www.subdeco.com\/deco\/wp-content\/uploads\/2021\/03\/shutterstock_1832015656-comp.jpg\",\"contentUrl\":\"https:\/\/www.subdeco.com\/deco\/wp-content\/uploads\/2021\/03\/shutterstock_1832015656-comp.jpg\",\"width\":1500,\"height\":1001,\"caption\":\"SubD\u00e9co\"},\"image\":{\"@id\":\"https:\/\/www.subdeco.com\/deco\/#\/schema\/logo\/image\/\"},\"sameAs\":[\"https:\/\/www.linkedin.com\/company\/subdeco\"]}]}<\/script>\n<!-- \/ Yoast SEO plugin. -->","yoast_head_json":{"title":"Tissus d'ameublement - MANUEL REVERT | SubD\u00e9co D\u00e9co","description":"D\u00e9couvrez nos collections de tissus d'ameublement. Vaste choix d'\u00e9diteurs de tissus et fournitures pour tapissier","robots":{"index":"index","follow":"follow","max-snippet":"max-snippet:-1","max-image-preview":"max-image-preview:large","max-video-preview":"max-video-preview:-1"},"canonical":"https:\/\/www.subdeco.com\/deco\/produit\/tissus-dameublement-manuel-revert\/","og_locale":"fr_FR","og_type":"article","og_title":"Tissus d'ameublement - MANUEL REVERT | SubD\u00e9co D\u00e9co","og_description":"D\u00e9couvrez nos collections de tissus d'ameublement. Vaste choix d'\u00e9diteurs de tissus et fournitures pour tapissier","og_url":"https:\/\/www.subdeco.com\/deco\/produit\/tissus-dameublement-manuel-revert\/","og_site_name":"Subd\u00e9co - D\u00e9co","article_modified_time":"2021-05-03T08:13:36+00:00","og_image":[{"width":1920,"height":1200,"url":"https:\/\/www.subdeco.com\/deco\/wp-content\/uploads\/2021\/05\/Tissu-maison-interieur-Manuel-Revert.jpg","type":"image\/jpeg"}],"twitter_card":"summary_large_image","schema":{"@context":"https:\/\/schema.org","@graph":[{"@type":["WebPage","ItemPage"],"@id":"https:\/\/www.subdeco.com\/deco\/produit\/tissus-dameublement-manuel-revert\/","url":"https:\/\/www.subdeco.com\/deco\/produit\/tissus-dameublement-manuel-revert\/","name":"Tissus d'ameublement - MANUEL REVERT | SubD\u00e9co D\u00e9co","isPartOf":{"@id":"https:\/\/www.subdeco.com\/deco\/#website"},"primaryImageOfPage":{"@id":"https:\/\/www.subdeco.com\/deco\/produit\/tissus-dameublement-manuel-revert\/#primaryimage"},"image":{"@id":"https:\/\/www.subdeco.com\/deco\/produit\/tissus-dameublement-manuel-revert\/#primaryimage"},"thumbnailUrl":"https:\/\/www.subdeco.com\/deco\/wp-content\/uploads\/2021\/05\/Tissu-maison-interieur-Manuel-Revert.jpg","datePublished":"2021-05-03T07:52:05+00:00","dateModified":"2021-05-03T08:13:36+00:00","description":"D\u00e9couvrez nos collections de tissus d'ameublement. Vaste choix d'\u00e9diteurs de tissus et fournitures pour tapissier","breadcrumb":{"@id":"https:\/\/www.subdeco.com\/deco\/produit\/tissus-dameublement-manuel-revert\/#breadcrumb"},"inLanguage":"fr-FR","potentialAction":[{"@type":"ReadAction","target":["https:\/\/www.subdeco.com\/deco\/produit\/tissus-dameublement-manuel-revert\/"]}]},{"@type":"ImageObject","inLanguage":"fr-FR","@id":"https:\/\/www.subdeco.com\/deco\/produit\/tissus-dameublement-manuel-revert\/#primaryimage","url":"https:\/\/www.subdeco.com\/deco\/wp-content\/uploads\/2021\/05\/Tissu-maison-interieur-Manuel-Revert.jpg","contentUrl":"https:\/\/www.subdeco.com\/deco\/wp-content\/uploads\/2021\/05\/Tissu-maison-interieur-Manuel-Revert.jpg","width":1920,"height":1200,"caption":"Tissu maison interieur Manuel Revert"},{"@type":"BreadcrumbList","@id":"https:\/\/www.subdeco.com\/deco\/produit\/tissus-dameublement-manuel-revert\/#breadcrumb","itemListElement":[{"@type":"ListItem","position":1,"name":"Accueil","item":"https:\/\/www.subdeco.com\/deco\/"},{"@type":"ListItem","position":2,"name":"Produits","item":"https:\/\/www.subdeco.com\/deco\/produit\/"},{"@type":"ListItem","position":3,"name":"Textile","item":"https:\/\/www.subdeco.com\/deco\/produit_categorie\/textile\/"},{"@type":"ListItem","position":4,"name":"Tissus d&#8217;ameublement &#8211; MANUEL REVERT"}]},{"@type":"WebSite","@id":"https:\/\/www.subdeco.com\/deco\/#website","url":"https:\/\/www.subdeco.com\/deco\/","name":"SubD\u00e9co","description":"Fournitures tissus rails et stores pour cr\u00e9er vos int\u00e9rieurs textile.","publisher":{"@id":"https:\/\/www.subdeco.com\/deco\/#organization"},"alternateName":"SubD\u00e9co - D\u00e9co","potentialAction":[{"@type":"SearchAction","target":{"@type":"EntryPoint","urlTemplate":"https:\/\/www.subdeco.com\/deco\/?s={search_term_string}"},"query-input":{"@type":"PropertyValueSpecification","valueRequired":true,"valueName":"search_term_string"}}],"inLanguage":"fr-FR"},{"@type":"Organization","@id":"https:\/\/www.subdeco.com\/deco\/#organization","name":"SubD\u00e9co","alternateName":"SubD\u00e9co - D\u00e9co","url":"https:\/\/www.subdeco.com\/deco\/","logo":{"@type":"ImageObject","inLanguage":"fr-FR","@id":"https:\/\/www.subdeco.com\/deco\/#\/schema\/logo\/image\/","url":"https:\/\/www.subdeco.com\/deco\/wp-content\/uploads\/2021\/03\/shutterstock_1832015656-comp.jpg","contentUrl":"https:\/\/www.subdeco.com\/deco\/wp-content\/uploads\/2021\/03\/shutterstock_1832015656-comp.jpg","width":1500,"height":1001,"caption":"SubD\u00e9co"},"image":{"@id":"https:\/\/www.subdeco.com\/deco\/#\/schema\/logo\/image\/"},"sameAs":["https:\/\/www.linkedin.com\/company\/subdeco"]}]}},"_links":{"self":[{"href":"https:\/\/www.subdeco.com\/deco\/wp-json\/wp\/v2\/produit\/3502","targetHints":{"allow":["GET"]}}],"collection":[{"href":"https:\/\/www.subdeco.com\/deco\/wp-json\/wp\/v2\/produit"}],"about":[{"href":"https:\/\/www.subdeco.com\/deco\/wp-json\/wp\/v2\/types\/produit"}],"wp:featuredmedia":[{"embeddable":true,"href":"https:\/\/www.subdeco.com\/deco\/wp-json\/wp\/v2\/media\/3508"}],"wp:attachment":[{"href":"https:\/\/www.subdeco.com\/deco\/wp-json\/wp\/v2\/media?parent=3502"}],"wp:term":[{"taxonomy":"produit_categorie","embeddable":true,"href":"https:\/\/www.subdeco.com\/deco\/wp-json\/wp\/v2\/produit_categorie?post=3502"},{"taxonomy":"manoeuvre","embeddable":true,"href":"https:\/\/www.subdeco.com\/deco\/wp-json\/wp\/v2\/manoeuvre?post=3502"},{"taxonomy":"coloris","embeddable":true,"href":"https:\/\/www.subdeco.com\/deco\/wp-json\/wp\/v2\/coloris?post=3502"},{"taxonomy":"cintrable","embeddable":true,"href":"https:\/\/www.subdeco.com\/deco\/wp-json\/wp\/v2\/cintrable?post=3502"},{"taxonomy":"coloris_mecanisme","embeddable":true,"href":"https:\/\/www.subdeco.com\/deco\/wp-json\/wp\/v2\/coloris_mecanisme?post=3502"},{"taxonomy":"installation","embeddable":true,"href":"https:\/\/www.subdeco.com\/deco\/wp-json\/wp\/v2\/installation?post=3502"}],"curies":[{"name":"wp","href":"https:\/\/api.w.org\/{rel}","templated":true}]}}

<!-- This site is optimized with the Yoast SEO plugin v26.9 - https://yoast.com/product/yoast-seo-wordpress/ -->
<title>Tissus d&#039;ameublement - MANUEL REVERT | SubDéco Déco</title>
<meta name="description" content="Découvrez nos collections de tissus d&#039;ameublement. Vaste choix d&#039;éditeurs de tissus et fournitures pour tapissier" />
<meta name="robots" content="index, follow, max-snippet:-1, max-image-preview:large, max-video-preview:-1" />
<link rel="canonical" href="https://www.subdeco.com/deco/produit/tissus-dameublement-manuel-revert/" />
<meta property="og:locale" content="fr_FR" />
<meta property="og:type" content="article" />
<meta property="og:title" content="Tissus d&#039;ameublement - MANUEL REVERT | SubDéco Déco" />
<meta property="og:description" content="Découvrez nos collections de tissus d&#039;ameublement. Vaste choix d&#039;éditeurs de tissus et fournitures pour tapissier" />
<meta property="og:url" content="https://www.subdeco.com/deco/produit/tissus-dameublement-manuel-revert/" />
<meta property="og:site_name" content="Subdéco - Déco" />
<meta property="article:modified_time" content="2021-05-03T08:13:36+00:00" />
<meta property="og:image" content="https://www.subdeco.com/deco/wp-content/uploads/2021/05/Tissu-maison-interieur-Manuel-Revert.jpg" />
	<meta property="og:image:width" content="1920" />
	<meta property="og:image:height" content="1200" />
	<meta property="og:image:type" content="image/jpeg" />
<meta name="twitter:card" content="summary_large_image" />
<script type="application/ld+json" class="yoast-schema-graph">{"@context":"https://schema.org","@graph":[{"@type":["WebPage","ItemPage"],"@id":"https://www.subdeco.com/deco/produit/tissus-dameublement-manuel-revert/","url":"https://www.subdeco.com/deco/produit/tissus-dameublement-manuel-revert/","name":"Tissus d'ameublement - MANUEL REVERT | SubDéco Déco","isPartOf":{"@id":"https://www.subdeco.com/deco/#website"},"primaryImageOfPage":{"@id":"https://www.subdeco.com/deco/produit/tissus-dameublement-manuel-revert/#primaryimage"},"image":{"@id":"https://www.subdeco.com/deco/produit/tissus-dameublement-manuel-revert/#primaryimage"},"thumbnailUrl":"https://www.subdeco.com/deco/wp-content/uploads/2021/05/Tissu-maison-interieur-Manuel-Revert.jpg","datePublished":"2021-05-03T07:52:05+00:00","dateModified":"2021-05-03T08:13:36+00:00","description":"Découvrez nos collections de tissus d'ameublement. Vaste choix d'éditeurs de tissus et fournitures pour tapissier","breadcrumb":{"@id":"https://www.subdeco.com/deco/produit/tissus-dameublement-manuel-revert/#breadcrumb"},"inLanguage":"fr-FR","potentialAction":[{"@type":"ReadAction","target":["https://www.subdeco.com/deco/produit/tissus-dameublement-manuel-revert/"]}]},{"@type":"ImageObject","inLanguage":"fr-FR","@id":"https://www.subdeco.com/deco/produit/tissus-dameublement-manuel-revert/#primaryimage","url":"https://www.subdeco.com/deco/wp-content/uploads/2021/05/Tissu-maison-interieur-Manuel-Revert.jpg","contentUrl":"https://www.subdeco.com/deco/wp-content/uploads/2021/05/Tissu-maison-interieur-Manuel-Revert.jpg","width":1920,"height":1200,"caption":"Tissu maison interieur Manuel Revert"},{"@type":"BreadcrumbList","@id":"https://www.subdeco.com/deco/produit/tissus-dameublement-manuel-revert/#breadcrumb","itemListElement":[{"@type":"ListItem","position":1,"name":"Accueil","item":"https://www.subdeco.com/deco/"},{"@type":"ListItem","position":2,"name":"Produits","item":"https://www.subdeco.com/deco/produit/"},{"@type":"ListItem","position":3,"name":"Textile","item":"https://www.subdeco.com/deco/produit_categorie/textile/"},{"@type":"ListItem","position":4,"name":"Tissus d&#8217;ameublement &#8211; MANUEL REVERT"}]},{"@type":"WebSite","@id":"https://www.subdeco.com/deco/#website","url":"https://www.subdeco.com/deco/","name":"SubDéco","description":"Fournitures tissus rails et stores pour créer vos intérieurs textile.","publisher":{"@id":"https://www.subdeco.com/deco/#organization"},"alternateName":"SubDéco - Déco","potentialAction":[{"@type":"SearchAction","target":{"@type":"EntryPoint","urlTemplate":"https://www.subdeco.com/deco/?s={search_term_string}"},"query-input":{"@type":"PropertyValueSpecification","valueRequired":true,"valueName":"search_term_string"}}],"inLanguage":"fr-FR"},{"@type":"Organization","@id":"https://www.subdeco.com/deco/#organization","name":"SubDéco","alternateName":"SubDéco - Déco","url":"https://www.subdeco.com/deco/","logo":{"@type":"ImageObject","inLanguage":"fr-FR","@id":"https://www.subdeco.com/deco/#/schema/logo/image/","url":"https://www.subdeco.com/deco/wp-content/uploads/2021/03/shutterstock_1832015656-comp.jpg","contentUrl":"https://www.subdeco.com/deco/wp-content/uploads/2021/03/shutterstock_1832015656-comp.jpg","width":1500,"height":1001,"caption":"SubDéco"},"image":{"@id":"https://www.subdeco.com/deco/#/schema/logo/image/"},"sameAs":["https://www.linkedin.com/company/subdeco"]}]}</script>
<!-- / Yoast SEO plugin. -->

Tissus d'ameublement - MANUEL REVERT | SubDéco Déco

Découvrez nos collections de tissus d'ameublement. Vaste choix d'éditeurs de tissus et fournitures pour tapissier

Subdéco - Déco

SubDéco

Fournitures tissus rails et stores pour créer vos intérieurs textile.

SubDéco - Déco
